 14.
2
Convert -11 (base 3) to base 11.
-4
-4 (base 6) to base 12
-4
Convert -430 (base 5) to base 4.
-1303
What is -105 (base 12) in base 8?
-225
What is 140 (base 8) in base 7?
165
-12 (base 3) to base 9
-5
What is -71 (base 9) in base 14?
-48
1 (base 15) to base 10
1
What is 88 (base 10) in base 6?
224
0 (base 13) to base 2
0
Convert 13 (base 4) to base 14.
7
What is a7 (base 11) in base 2?
1110101
Convert 1 (base 5) to base 12.
1
What is -12 (base 8) in base 7?
-13
11110000 (base 2) to base 10
240
Convert -7 (base 12) to base 14.
-7
321 (base 7) to base 6
430
What is 41 (base 8) in base 5?
113
What is -1011 (base 3) in base 6?
-51
-1011000 (base 2) to base 6
-224
What is -12 (base 9) in base 8?
-13
-24 (base 16) to base 10
-36
-2 (base 5) to base 9
-2
What is -21 (base 11) in base 16?
-17
-4d (base 16) to base 3
-2212
Convert ca (base 15) to base 14.
d8
Convert 2e (base 15) to base 6.
112
What is -49 (base 10) in base 15?
-34
What is 31 (base 10) in base 11?
29
12 (base 3) to base 12
5
-38 (base 14) to base 2
-110010
What is -100 (base 2) in base 11?
-4
-ab (base 16) to base 3
-20100
Convert 4b (base 16) to base 9.
83
What is 1000101 (base 2) in base 9?
76
What is -22 (base 4) in base 12?
-a
Convert 3c (base 13) to base 14.
39
What is -554 (base 7) in base 4?
-10130
-8 (base 9) to base 6
-12
Convert 105 (base 7) to base 8.
66
Convert 4 (base 15) to base 6.
4
Convert 8 (base 12) to base 3.
22
-4 (base 6) to base 14
-4
What is -1011 (base 2) in base 6?
-15
182 (base 13) to base 10
275
11 (base 6) to base 4
13
What is 2 (base 6) in base 3?
2
43 (base 15) to base 10
63
2 (base 4) to base 12
2
-111001 (base 2) to base 14
-41
What is 14 (base 11) in base 5?
30
-42 (base 5) to base 9
-24
What is -2 (base 4) in base 5?
-2
What is -10 (base 3) in base 8?
-3
Convert 22 (base 11) to base 14.
1a
-276 (base 9) to base 10
-231
Convert 3 (base 16) to base 9.
3
Convert -3e (base 15) to base 16.
-3b
What is 0 (base 14) in base 13?
0
What is -22 (base 4) in base 7?
-13
Convert -204 (base 6) to base 5.
-301
What is 1b (base 14) in base 16?
19
What is -3 (base 11) in base 13?
-3
-123 (base 5) to base 7
-53
Convert 24 (base 5) to base 14.
10
What is -20 (base 13) in base 3?
-222
-31 (base 7) to base 11
-20
Convert 18 (base 11) to base 9.
21
Convert -1332 (base 4) to base 8.
-176
Convert -23 (base 5) to base 3.
-111
Convert -5a (base 11) to base 15.
-45
Convert 47 (base 12) to base 7.
106
-30 (base 10) to base 5
-110
Convert -32 (base 8) to base 16.
-1a
What is 133 (base 4) in base 2?
11111
-16 (base 11) to base 5
-32
What is -11 (base 10) in base 9?
-12
-130 (base 4) to base 16
-1c
Convert 23 (base 8) to base 4.
103
Convert 1 (base 8) to base 16.
1
-77 (base 15) to base 16
-70
What is -2 (base 6) in base 5?
-2
Convert -a (base 13) to base 6.
-14
Convert -134 (base 13) to base 6.
-552
What is -6 (base 15) in base 9?
-6
What is -2 (base 8) in base 14?
-2
What is 20 (base 12) in base 6?
40
What is 211 (base 3) in base 9?
24
Convert 1 (base 3) to base 13.
1
What is -2 (base 11) in base 9?
-2
-152 (base 12) to base 5
-1311
27 (base 8) to base 6
35
Convert -212 (base 10) to base 13.
-134
What is 0 (base 15) in base 12?
0
Convert 21112 (base 3) to base 15.
d8
-101 (base 2) to base 5
-10
Convert 1 (base 13) to base 8.
1
What is -404 (base 6) in base 11?
-125
101 (base 5) to base 6
42
11 (base 15) to base 11
15
Convert 1 (base 7) to base 3.
1
Convert -2 (base 13) to base 8.
-2
-7 (base 10) to base 4
-13
Convert -26 (base 13) to base 16.
-20
-642 (base 7) to base 3
-110000
What is -1 (base 14) in base 2?
-1
Convert 101010 (base 2) to base 3.
1120
-112 (base 3) to base 8
-16
What is 22 (base 16) in base 12?
2a
-3 (base 9) to base 3
-10
What is -3 (base 11) in base 14?
-3
What is -3 (base 5) in base 11?
-3
What is 6 (base 13) in base 12?
6
Convert 100 (base 9) to base 6.
213
4 (base 14) to base 3
11
Convert bf (base 16) to base 8.
277
4 (base 5) to base 11
4
Convert -10 (base 3) to base 5.
-3
What is 0 (base 2) in base 14?
0
Convert 4 (base 8) to base 3.
11
What is 39 (base 13) in base 9?
53
What is 6 (base 15) in base 7?
6
What is 41 (base 5) in base 4?
111
What is -23 (base 10) in base 11?
-21
-4 (base 15) to base 5
-4
Convert -7 (base 10) to base 11.
-7
What is 20 (base 3) in base 15?
6
What is -12 (base 10) in base 8?
-14
Convert -6 (base 11) to base 6.
-10
Convert 11 (base 5) to base 6.
10
-2 (base 12) to base 4
-2
-34 (base 5) to base 16
-13
What is 6c (base 13) in base 7?
156
What is 0 (base 10) in base 8?
0
What is 10 (base 6) in base 12?
6
Convert 0 (base 12) to base 16.
0
What is -202 (base 5) in base 4?
-310
2 (base 13) to base 2
10
2d (base 15) to base 14
31
2 (base 13) to base 15
2
36 (base 12) to base 14
30
What is -1 (base 4) in base 11?
-1
Convert -11 (base 5) to base 4.
-12
What is -1 (base 10) in base 4?
-1
What is -30 (base 8) in base 4?
-120
-12 (base 12) to base 13
-11
42 (base 16) to base 13
51
1 (base 3) to base 15
1
What is -2 (base 7) in base 2?
-10
-20 (base 5) to base 4
-22
2 (base 8) to base 16
2
Convert c5 (base 16) to base 5.
1242
What is -20 (base 15) in base 5?
-110
Convert 2211 (base 3) to base 8.
114
What is -24 (base 6) in base 13?
-13
-1100101 (base 2) to base 14
-73
What is -2d (base 16) in base 4?
-231
Convert -3 (base 16) to base 14.
-3
What is 30 (base 7) in base 14?
17
What is -4b (base 12) in base 3?
-2012
Convert 1 (base 8) to base 15.
1
What is -6 (base 7) in base 16?
-6
Convert 55 (base 11) to base 2.
111100
What is -3 (base 14) in base 10?
-3
3 (base 10) to base 8
3
What is -37 (base 10) in base 11?
-34
What is 41 (base 7) in base 14?
21
What is 3b (base 12) in base 15?
32
What is 101 (base 14) in base 2?
11000101
What is 12 (base 14) in base 3?
121
What is 34 (base 9) in base 12?
27
What is 52 (base 11) in base 16?
39
Convert -11 (base 6) to base 4.
-13
What is 1 (base 8) in base 7?
1
What is 11 (base 3) in base 6?
4
What is -2 (base 7) in base 10?
-2
440 (base 7) to base 13
143
Convert -2 (base 3) to base 12.
-2
Convert -125 (base 9) to base 14.
-76
32 (base 7) to base 12
1b
Convert 11 (base 9) to base 2.
1010
3 (base 14) to base 15
3
What is 246 (base 7) in base 3?
11220
What is 1 (base 14) in base 11?
1
Convert -3 (base 16) to base 11.
-3
What is 3 (base 12) in base 9?
3
Convert 0 (base 14) to base 8.
0
-8a (base 16) to base 6
-350
Convert 35 (base 8) to base 9.
32
-28 (base 13) to base 12
-2a
What is 1002 (base 3) in base 11?
27
Convert 2 (base 6) to base 10.
2
What is -2202 (base 4) in base 13?
-c6
3 (base 11) to base 16
3
Convert -410 (base 6) to base 12.
-106
2 (base 12) to base 15
2
-113 (base 4) to base 12
-1b
What is 10 (base 6) in base 10?
6
3 (base 5) to base 8
3
6 (base 11) to base 12
6
-114 (base 7) to base 16
-3c
5 (base 6) to base 4
11
What is 1 (base 12) in base 13?
1
Convert 61 (base 15) to base 13.
70
What is -1 (base 9) in base 3?
-1
What is 30 (base 16) in base 14?
36
24 (base 13) to base 8
36
What is 3 (base 7) in base 3?
10
Convert 60 (base 14) to base 10.
84
15 (base 6) to base 16
b
What is -2 (base 16) in base 15?
-2
Convert -5a (base 11) to base 12.
-55
Convert -3 (base 6) to base 3.
-10
Convert 7 (base 15) to base 11.
7
What is 2323 (base 4) in base 13?
115
125 (base 7) to base 2
1000100
aa (base 16) to base 2
10101010
223 (base 5) to base 4
333
What is 55 (base 12) in base 5?
230
What is -8 (base 14) in base 9?
-8
Convert 43 (base 16) to base 3.
2111
7 (base 12) to base 9
7
Convert -12102 (base 3) to base 12.
-102
Convert -6 (base 11) to base 15.
-6
Convert -31 (base 9) to base 10.
-28
What is 100001 (base 2) in base 5?
113
Convert -1200 (base 3) to base 6.
-113
3 (base 13) to base 7
3
What is 4 (base 5) in base 4?
10
-5 (base 10) to base 15
-5
What is -179 (base 13) in base 7?
-533
-142 (base 5) to base 11
-43
Convert -103 (base 7) to base 13.
-40
Convert 41 (base 11) to base 14.
33
b (base 16) to base 11
10
-5 (base 15) to base 13
-5
What is c4 (base 13) in base 15?
aa
Convert -14 (base 6) to base 9.
-11
Convert 1020 (base 3) to base 13.
27
Convert 1 (base 6) to base 2.
1
Convert 30 (base 6) to base 4.
102
-5 (base 15) to base 4
-11
What is 2a (base 16) in base 4?
222
Convert 11 (base 4) to base 11.
5
What is -1 (base 14) in base 5?
-1
What is b (base 12) in base 11?
10
Convert 8 (base 10) t